ose 0 = -f - g + 16 - 2, f + 4*g - 5 = v. What is the greatest common factor of 323 and f?
17
Let u(q) be the first derivative of 3/4*q**4 + 1/3*q**3 - 8 - 2*q + 1/2*q**2. Let w be u(3). What is the highest common divisor of 13 and w?
13
Let h be (-3)/(42/(-16558)) + (-36)/(-126). What is the greatest common divisor of h and 156?
13
Suppose 0 = m - 14*z + 13*z - 58, 280 = 4*m + 4*z. What is the greatest common divisor of m and 76?
4
Let q(x) = x**3 - 6*x**2 - 495*x + 3458. Let g be q(7). Let c = 0 + 14. Calculate the highest common factor of g and c.
14
Let a(v) = -v - 20*v + 12*v + 344 - 30 - 39. Let p be a(20). What is the greatest common divisor of 57 and p?
19
Let n be (-1818)/(-15) + (-1)/5. Suppose 42*x = 20*x + 8228. Let z = -352 + x. What is the highest common divisor of n and z?
11
Let k(y) = -y + 11. Let j be k(-5). Let x be (-5*j/120)/((-2)/39). What is the greatest common divisor of 39 and x?
13
Suppose 0 = -j + 2*u + 130, 5*j + 2*u = 367 + 295. Let x be ((-22)/(-3))/((-354)/5841). Let n = x + j. What is the greatest common factor of n and 44?
11
Suppose x = 5*v + 222, v + 4*v + 469 = 2*x. Suppose -4263*j - 4*z = -4261*j - 6, -2*z = 4*j - 60. Calculate the highest common divisor of x and j.
19
Suppose 0 = 3*v - 4*a - 17663, -2*v + 9140 = -5*a - 2654. What is the highest common divisor of v and 81?
9
Let d = 12160 - 12103. Let b(c) = 10*c**2 + 7*c - 3. Let w be b(6). What is the highest common factor of d and w?
57
Suppose -4*j - 3*d + 2903 = -2*d, d + 1 = 0. Suppose 26*m = 258*m - 2552. What is the highest common divisor of j and m?
11
Let g(p) = -38*p + 322. Let t be g(-17). Calculate the highest common divisor of 32 and t.
8
Suppose 13 = 3*t - 3*x + 1, -3*t + x + 12 = 0. Let w be 0 + 5 + t/8*-2. Calculate the highest common factor of w and 36.
4
Suppose -431 = -7*s + 1557. Let h = -172 + s. Let p = -207 - -214. What is the greatest common factor of p and h?
7
Suppose -2*g - 11*k + 576 = -13*k, -3*g = k - 860. Let y = 339 - g. Calculate the highest common divisor of y and 377.
13
Suppose 55 = g - v, -3*g = -4*g + 5*v + 47. Let k(i) = 5*i**2 - 7*i + 5. Let c be k(5). Calculate the greatest common divisor of g and c.
19
Suppose 9*s + 2*s = -495. Let h = s + 130. Suppose -2*x + 26 = -5*v + h, 0 = 2*v - x - 24. Calculate the highest common divisor of v and 11.
11
Let n = 6 - -75. Let v(k) = 3*k + 39. Let j(p) = -9*p - 100. Let c be j(-10). Let a be v(c). Calculate the highest common divisor of a and n.
9
Let c = -525 + 797. Let p(f) = -19*f - 27. Let i be p(-5). Calculate the highest common divisor of i and c.
68
Let p(t) = -2*t**2 - 76*t + 2268. Let l be p(-57). Calculate the highest common divisor of l and 4148.
34
Let v(c) = 13*c**2 + 36*c + 21. Let t(r) = 2*r**2 - 1. Let n(g) = -6*t(g) + v(g). Let h be n(-40). Calculate the greatest common factor of h and 44.
11
Suppose -2*m + m - 5*z + 172 = 0, -750 = -5*m - 3*z. Let s(i) = i**2 + 28*i + 80. Let w be s(-33). What is the highest common factor of w and m?
49
Suppose -5*o + 230 = -3*a + 27, -4*o = 3*a - 157. Suppose 3*v + 2*k = 5*v - 170, -167 = -2*v + 3*k. Calculate the greatest common divisor of v and o.
8
Suppose 0*f - 4*f = q - 90, 0 = -4*q - 2*f + 290. Let w be (-40)/(-260) + (-4352)/(-104). Calculate the highest common divisor of w and q.
14
Suppose 209*d - 239760 = -2*d - 85*d. Calculate the highest common divisor of d and 2106.
162
Let p be (-1 + (-48)/(-18))/(1/72). Calculate the greatest common factor of 290 and p.
10
Suppose 15*i - 5*i = 5830. What is the greatest common divisor of 99 and i?
11
Suppose 0 = 4*k - 4*h + 20, -4 = 2*k - h + 1. Suppose k = -6*w + 2*w - 8, 258 = 3*b - 3*w. What is the highest common factor of 12 and b?
12
Suppose 3*z - 1265 = -2*z. Let i(m) = -2*m**2 + 26*m - 22. Let y be i(11). Let n be 2/4 + z/y. What is the greatest common divisor of n and 8?
4
Let i be ((-372)/(-2))/(18/24). Suppose 16*o - i = 104. Calculate the highest common divisor of o and 198.
22
Suppose 133*f = 122*f + 55. Suppose -2*t + 642 = 2*r, r + f*t - 317 = 6*t. What is the highest common factor of 44 and r?
11
Let o(s) = 530*s**2 - s - 2. Let l be o(1). Calculate the greatest common factor of l and 68.
17
Suppose 6*a + 12740 = 13*a. Calculate the greatest common factor of 56 and a.
28
Let c(o) = 2*o**2 + 6*o + 5. Let t be c(0). Suppose -6 = t*r - 41. What is the greatest common factor of 882 and r?
7
Let f = -642 - -646. Suppose 7*a = -w + 2*a + 30, w - f*a = 30. Calculate the greatest common factor of w and 6.
6
Suppose 0*i - 100 = -10*i. Suppose 891 = i*t + 281. Calculate the greatest common divisor of 244 and t.
61
Let n(w) = 2*w**2 - 47*w - 1156. Let q be n(-50). What is the greatest common divisor of 38 and q?
38
Let x = 562 + -560. Suppose -5*y = 3*z - 2543, -x*z + 2*y = 4*y - 1698. Calculate the highest common factor of z and 37.
37
Let s = -2117 - -2173. Calculate the greatest common factor of 6328 and s.
56
Let r = 691 - 472. Calculate the greatest common factor of 6 and r.
3
Suppose b = 19 - 15. Suppose 0 = 6*r - b*r + 2. Let l(u) = -7*u. Let q be l(r). What is the greatest common divisor of q and 63?
7
Suppose w - 4*z - 2383 = 0, 10*z - 32 + 52 = 0. Calculate the greatest common factor of 1125 and w.
125
Let y = 7345 + -1377. Suppose 0 = -15*r + y - 1693. What is the greatest common divisor of 30 and r?
15
Let g be (-14)/(182/13) + 191. What is the greatest common divisor of 150 and g?
10
Let l(m) = 40*m**2 + 338*m - 34. Let c be l(-9). Calculate the highest common factor of 5248 and c.
164
Let k = -33 - -46. Suppose c = -2*z + 17, 0 = 3*c - 12 - 3. Suppose 3*x - 89 - 94 = 4*d, -z = -2*d. What is the highest common divisor of k and x?
13
Suppose 260 = 3*h + 5*q, 4*h + 3*q - 42 = 312. Suppose 7*v - 41 - 1 = 0. Let b be (-15)/(22/v - 4). What is the highest common divisor of h and b?
45
Suppose -10*s + s = 63. Let z be -1 + 1 - (-34 + (s - -9)). Calculate the highest common factor of z and 2.
2
Let t be (-1 - -1) + -1 + 13. Let a be -5*(-20)/25 - 4. Suppose 0 = 5*o - 2*y + y - 58, -o + 4*y + 4 = a. What is the greatest common divisor of o and t?
12
Let i = -133 - -227. Let p = -576 + 942. Suppose p = -8*s + 2246. What is the greatest common divisor of i and s?
47
Let r be (-4)/(-5) + (-138666)/(-605). What is the highest common factor of r and 280?
10
Suppose 0 = 109*f - 128*f + 1256 + 3209. What is the highest common factor of 3572 and f?
47
Suppose 16*t = -2*l + 3740, 0 = 5*t + 68*l - 72*l - 1178. What is the highest common divisor of 1313 and t?
13
Suppose -3*a + 4 = -2. Let n(w) = -12*w**3 + 4*w**2 + w - 2. Let l be n(a). Let u be (-40)/(-3)*(-96)/l. What is the highest common divisor of u and 48?
16
Let t be 75/7 - (-50)/175. Suppose -139 = -k - 3*i + 7*i, 5*i = 5. Calculate the greatest common factor of k and t.
11
Suppose -33 = -a + m, -136 = -4*a + 3*m - 0*m. Suppose 7*s + a - 72 = 0. Calculate the highest common factor of s and 10.
5
Let n = -10391 + 11941. Calculate the greatest common factor of 527 and n.
31
Suppose 133129 + 40077 = 89*f + 4551. Calculate the greatest common factor of f and 5.
5
Suppose -16*x + 7*x = -99. Let a = -225 - -721. Suppose -d - s = 5 - 123, 0 = -4*d + 4*s + a. What is the highest common divisor of d and x?
11
Suppose -288 = 32*z - 14*z. Let o be (-13 - z)/(2/18*1). What is the highest common factor of o and 6?
3
Suppose 5*w = 2*f + 3078, -5*w - 2*f = -1209 - 1873. Suppose 23*l + w = 30*l. Calculate the highest common factor of l and 1408.
88
Suppose 2*i - 4*a - 597670 = 0, 570006 = 4*i + 3*a - 625356. Let q be (0 - 2/(-10)) + i/305. Calculate the greatest common divisor of 35 and q.
35
Let c(l) = -334*l**2 + 1342*l - 8. Let y be c(4). What is the highest common factor of y and 16064?
16
Let x be 3/(-3) + (2 - -5). Let b be (-7 + x/(-12))*752/(-10). What is the greatest common factor of 12 and b?
12
Let j be 9/(-3)*6*-25. Let f = 56 + -43. Suppose 0 = f*s - 296 - 354. What is the greatest common divisor of s and j?
50
Let f(m) = 17*m - 1720. Let g be f(103). What is the greatest common factor of g and 775?
31
Let o(p) = p**3 + 20*p**2 - 3*p - 44. Let n be o(-20). Suppose n*i - 161 = 5247. Calculate the greatest common divisor of 26 and i.
26
Let c = 946 + -829. Let d(a) = -26*a - 7. Let j be d(2). Let n = -50 - j. Calculate t